en h(8) is divided by 25.
24
Let z(x) = x**3 - 8*x**2 + 8*x - 4. Let q be z(7). Suppose -q*s + 7*s - 72 = 0. Let a = 2320 - 2249. Calculate the remainder when a is divided by s.
17
Suppose 0 = 4*g - 4*w - 88, 0*g = -2*g + w + 42. Let l be 3 - (-6)/(-3) - 20. Let f = l + g. What is the remainder when 2 is divided by f?
0
Calculate the remainder when (-9464)/(-12) + (-12)/(-9) is divided by 13.
10
Suppose -4*u = -2*y + 376, 0 = -3*u - 4 + 16. Suppose -66*s + 70*s - y = 0. Calculate the remainder when 292 is divided by s.
47
Let y be ((-20)/150*-3)/((-1)/10). Let j(x) be the third derivative of x**5/60 + x**4/12 + 2*x**2. Calculate the remainder when 21 is divided by j(y).
5
What is the remainder when (3 + -10)*63/(-4 - 3) is divided by 34?
29
Suppose 0 = -57*v + 9286 + 3482. Calculate the remainder when v is divided by 86.
52
Suppose j + 0*c - 2*c - 9 = 0, 2*j = -4*c + 18. Suppose 11*o = j*o + 12. Let z(q) = 2*q**2 + 3. Calculate the remainder when z(3) is divided by o.
3
Suppose 0 = 18*g - 48*g + 11250. What is the remainder when g is divided by 27?
24
Suppose -371 = -3*t - 5*f, 5*t - 7*f = 284 + 319. Calculate the remainder when t is divided by 16.
10
Suppose 5*g + 6 = 16. Let c = 92 - 39. What is the remainder when c is divided by 2 - 6/g - -15?
11
Suppose -r + 1876 = -0*r + 3*w, -r - w = -1886. What is the remainder when r is divided by 22?
21
Let z = -17 + 29. Suppose -14*v = -17*v + 177. Calculate the remainder when v is divided by z.
11
Let r = -1137 - -1205. What is the remainder when 677 is divided by r?
65
Suppose -2*i = 2*p + 40, 2*i - i + 5*p + 28 = 0. Let s = 9 - i. Suppose -4*b + 11 = q - 5*b, -4*q + 20 = 2*b. Calculate the remainder when s is divided by q.
6
Suppose 24 = 3*u - 0*u. Suppose u + 8 = 4*i. Suppose -46 = -i*a - 18. Calculate the remainder when 25 is divided by a.
4
Suppose 0 = -5*s - 0 + 15, -p + 726 = 3*s. Calculate the remainder when p is divided by 15.
12
Suppose 4*i = -0*m - 2*m + 38, -i - 3*m + 7 = 0. Let j = -12 + i. Let f(r) = 5*r**2 - r - 2. What is the remainder when f(j) is divided by 11?
9
Suppose -2*w = -9*h + 5*h + 764, 5*w + 5*h + 1985 = 0. Calculate the remainder when 36 is divided by (-9)/15 - w/20.
17
Let k = 1569 + -1541. What is the remainder when 109 is divided by k?
25
Let d(z) = -4*z - 132. What is the remainder when 221 is divided by d(-34)?
1
Suppose 9*t = -26*t + 4690. What is the remainder when t is divided by 56?
22
What is the remainder when (35 + 3)/((-8)/(-32)) + 7 is divided by 60?
39
Let m = 18 + -24. Calculate the remainder when 87 is divided by (-46)/m + 6/(-9) - -2.
6
Let v(x) = -21*x - 551. Let g(i) = i**3 - i**2 + i + 27. Calculate the remainder when g(0) is divided by v(-27).
11
Let p = 12 + -3. Let d(r) = -11*r**2 + p*r - r**3 + 5*r**2 - 4*r**2 - 16. What is the remainder when 16 is divided by d(-11)?
4
Let i = -262 - -308. Suppose 5 = 4*d - 3, -3*u + 4*d = 2. Suppose 0*s - 16 = -u*s. Calculate the remainder when i is divided by s.
6
Let v(o) = -11*o**2 + o + 1. Let p be v(-1). Let l = 8 - p. Let b = 182 - 109. Calculate the remainder when b is divided by l.
16
Let a = -464 + 523. Calculate the remainder when a is divided by 20.
19
Let t(z) = 4*z + 68. Calculate the remainder when t(-11) is divided by 6.
0
Let x = -2040 - -2532. What is the remainder when x is divided by 50?
42
Suppose -439*g = -430*g - 108. Calculate the remainder when 29 is divided by g.
5
Suppose 2*x = -5*c - 65 - 235, -c + 3*x - 43 = 0. Let i = c - -81. What is the remainder when 81 is divided by i?
12
Let r = -336 - -343. Calculate the remainder when 9 is divided by r.
2
Suppose -4*k = -103 - 5. Suppose 10*j = -42 - 8. Let d(i) = -11*i + 25. Calculate the remainder when d(j) is divided by k.
26
Suppose 2*k = -b + 37, 92 = 4*k - 3*b + 13. What is the remainder when 329 is divided by k?
6
Suppose 16*f = -3*f + 1026. Calculate the remainder when 159 is divided by f.
51
Let o(p) = -12 - p**3 + 11 - 3*p**2 + 0*p**2 - p - 3*p. What is the remainder when o(-3) is divided by 7?
4
Let z(q) = -36*q - 216. What is the remainder when z(-10) is divided by 40?
24
Suppose -5*a = 3*d - 43, 3*d = 2*a + d - 30. What is the remainder when 36 is divided by a?
3
Let n = -14 + 194. Calculate the remainder when n is divided by 26.
24
Let o be ((-12)/(-4))/6*44. Let x = o + -26. What is the remainder when 1/(2/46) + x is divided by 5?
4
Suppose 6 = -5*a + 56. Let w = a - 1. Calculate the remainder when 12 is divided by w.
3
Let h = -617 + 637. What is the remainder when -37*(-2)/2 - 2 is divided by h?
15
Let p(h) = -2*h**3 + 199*h + 581. Calculate the remainder when p(-3) is divided by (-31)/(-3) - (-2)/(-6).
8
What is the remainder when (-11)/(6 - -5) - -25 is divided by (-2 - -2 - 0) + 10?
4
Let c(h) = 52*h + 8. Suppose 39 = 3*z - 5*r, -5*z + 28 = -3*z - 4*r. Suppose z = -u + 29. Calculate the remainder when c(1) is divided by u.
18
Let j(c) = c**2 - 8*c - 23. What is the remainder when 38 is divided by j(11)?
8
Suppose -2*l - 64 = -3*w - l, 2*w + 3*l - 39 = 0. Suppose -3*k + 4*k = w. What is the remainder when k is divided by 6?
3
Let f = -41 - -84. Let x = 31 - f. What is the remainder when 45 is divided by (2 - 5 - x) + 3?
9
Suppose -1184 = -40*a + 1976. Let x = 0 - -20. Calculate the remainder when a is divided by x.
19
Let q be (9/(-6))/((-2)/4). Suppose q*r + 34 = 5*r. Suppose r = 2*u + 5. What is the remainder when 21 is divided by u?
3
Let q(m) = -m**2 - 19*m + 15. Let j be q(-19). Suppose j = 3*t - 0. What is the remainder when 1 + 0 - (0 - 18) is divided by t?
4
Let q(n) = -n**3 - 11*n**2 + 24*n + 24. Calculate the remainder when q(-13) is divided by 21.
8
Let h(j) = -j + j**3 + 29*j**2 - 13*j**2 - 9*j**2 + 2 + 8*j. Suppose 13 - 31 = -3*i. What is the remainder when h(-5) is divided by i?
5
Let o be ((-4)/6)/(2/(-600)). Suppose -9*z = -19*z - 450. Calculate the remainder when (-15)/z + o/3 is divided by 14.
11
Calculate the remainder when 7 is divided by (-6)/(-8) - -1*6/24.
0
Suppose t = -2*u - 3*t - 6, -3*t - 27 = -3*u. Suppose -2*d - 29 = -x, 0 = x - 0*d - 3*d - 32. What is the remainder when x is divided by u?
3
Let o(b) = b**3 + 4*b**2 - 17*b + 17. Calculate the remainder when o(-6) is divided by 27.
20
Suppose 5*x - 94 = 3*w, 0 = 2*x - 0*w + 4*w - 22. Let l be -1*(-3)/(-3) - (-66)/(-1). Let y = l - -114. Calculate the remainder when y is divided by x.
13
Suppose -3*m + 4*m + 15 = 4*p, -p = 3*m - 20. Let x be (1 - 3)*(1 - 20). Let d = x + -19. What is the remainder when d is divided by m?
4
Suppose 0*d + 3*r - 9 = 3*d, d - 2*r - 2 = 0. Let w(z) = -z**3 - 8*z**2 - 7*z - 14. Calculate the remainder when w(d) is divided by 23.
19
Let a = -1125 + 1824. What is the remainder when a is divided by 50?
49
Suppose r - 3*r + 138 = 0. What is the remainder when r is divided by ((-2)/(-6)*2)/((-13)/(-468))?
21
Let j(q) = q**2 - 6*q + 4. Let y be j(6). Suppose m - 40 = -y*m. Calculate the remainder when (-86)/(-6) + 1/(-3) is divided by m.
6
What is the remainder when 295 is divided by 1 + 29 + (-371)/53?
19
Calculate the remainder when (26/(-5))/(-5 - 370/(-75)) is divided by 29.
20
Suppose -9 = 2*a - 2*i - 29, -2*a - 5*i = 15. Suppose a*k + 3*h - h - 43 = 0, -h = 1. Calculate the remainder when 16 is divided by k.
7
Suppose -75*r + 369 = -66*r. What is the remainder when r is divided by 11?
8
Let y(s) = 13*s**2 - 31*s + 119. What is the remainder when y(4) is divided by 36?
23
Let s(p) = -18*p - 360. What is the remainder when 1078 is divided by s(-26)?
106
Let o(h) = -h**3 + 5*h**2 + 6*h + 7. What is the remainder when o(-3) is divided by 8?
5
Let v = -1 + 33. Suppose -21 = -3*m - 3*r, -4*m - 5*r + 29 = -4. Suppose 2*q - q = -4*j + v, -m*q + 9 = -3*j. Calculate the remainder when 35 is divided by q.
11
Suppose 714*l - 699*l = 660. Calculate the remainder when 118 is divided by l.
30
Let b = 1010 + -957. What is the remainder when 229 is divided by b?
17
Let z(n) = -n**3 - 3*n**2 + 3*n - 1. Let o be z(-4). Suppose 0*s - o = -s, -r + 94 = -4*s. What is the remainder when r is divided by 27?
25
Let y = -133 - -127. What is the remainder when -1 + (-5 - y) - -59 is divided by 21?
17
Suppose -7*a = -5*j - 12*a + 40, 4*j - 28 = -5*a. Calculate the remainder when (-2)/(-8) - (-556)/16 is divided by j.
11
Suppose -17 - 8 = -5*g.